a prime number?
True
Is 110885323 a composite number?
True
Is 29010705797 a prime number?
True
Is 5784583957 a prime number?
False
Is 211387443 a composite number?
True
Is 6374581597 composite?
False
Is 12535181063 prime?
True
Is 7156626497 a composite number?
True
Is 28141507 prime?
False
Is 1567071215 composite?
True
Is 2056016983 prime?
False
Is 135402991 composite?
True
Is 7119517 composite?
False
Is 13045485053 composite?
True
Is 573854469 a composite number?
True
Is 95701607 a composite number?
True
Is 8642780522 composite?
True
Is 1091625881 a prime number?
False
Is 325499623 composite?
True
Is 973646929 a composite number?
False
Is 1378231349 prime?
False
Is 41658860429 a composite number?
False
Is 7391561453 prime?
True
Is 180701333 a prime number?
True
Is 862304839 a prime number?
False
Is 27642950455 prime?
False
Is 18200121517 prime?
True
Is 1995462727 a prime number?
False
Is 9576513241 a prime number?
False
Is 6317561147 a composite number?
True
Is 608460599 prime?
True
Is 2295834526 composite?
True
Is 3143114147 a prime number?
False
Is 889792889 prime?
False
Is 1592068871 a composite number?
False
Is 185499101 a prime number?
True
Is 17314297009 prime?
True
Is 5036713163 prime?
True
Is 550351877 composite?
True
Is 621363973 prime?
False
Is 48838401769 composite?
True
Is 63202510753 composite?
True
Is 7266213607 a composite number?
True
Is 15851036641 a prime number?
False
Is 521070103 prime?
False
Is 868030313 a composite number?
False
Is 112354967 composite?
False
Is 632696321 a composite number?
False
Is 1753398709 composite?
False
Is 59222342299 composite?
True
Is 535929949 a composite number?
True
Is 963165323 a composite number?
True
Is 1343973979 a prime number?
True
Is 1021374097 a prime number?
True
Is 20592702733 prime?
False
Is 26594399197 composite?
False
Is 82376189 composite?
True
Is 4379591087 a composite number?
True
Is 6471577921 a prime number?
True
Is 372385883 prime?
False
Is 5234174717 composite?
False
Is 976316093 a composite number?
True
Is 6996641023 prime?
False
Is 2400911729 a composite number?
False
Is 19230062993 composite?
False
Is 536601797 a prime number?
False
Is 17074086131 composite?
False
Is 5757098231 a prime number?
True
Is 6655790729 a prime number?
False
Is 6327846023 a prime number?
False
Is 215946719 composite?
True
Is 447049769 prime?
False
Is 2448330167 prime?
True
Is 254757883 prime?
True
Is 4900733077 prime?
False
Is 38749989323 composite?
False
Is 29507942473 prime?
True
Is 1175218441 a prime number?
True
Is 4271709371 a composite number?
True
Is 7472009893 prime?
True
Is 2674554761 a prime number?
True
Is 93366929 composite?
True
Is 19283380363 a composite number?
True
Is 3416593589 prime?
True
Is 3115812331 composite?
False
Is 8450822873 a composite number?
False
Is 14012339911 a prime number?
True
Is 365477993 composite?
False
Is 6173916727 a prime number?
False
Is 15355443407 a prime number?
True
Is 19876925399 a prime number?
True
Is 2029135219 composite?
False
Is 130541429 composite?
False
Is 3852430721 prime?
True
Is 5453657129 a prime number?
True
Is 27275555917 prime?
True
Is 7262411677 prime?
True
Is 38483428931 prime?
False
Is 1661495063 a prime number?
True
Is 15256997 prime?
False
Is 101032663 a composite number?
True
Is 4344015883 composite?
True
Is 1162321799 composite?
False
Is 12531454931 a prime number?
False
Is 16125534811 composite?
True
Is 83669934253 composite?
True
Is 1173284507 a prime number?
True
Is 11685279797 prime?
False
Is 1223201333 a prime number?
False
Is 14501027279 a prime number?
False
Is 8206871357 a prime number?
False
Is 31572296467 a composite number?
False
Is 13357591942 a composite number?
True
Is 23805411611 a composite number?
True
Is 15412740869 composite?
True
Is 9297227293 composite?
False
Is 102575086 a composite number?
True
Is 185111329883 prime?
False
Is 9665859143 a prime number?
True
Is 13185676157 a composite number?
False
Is 583276747 composite?
False
Is 149924783207 a composite number?
False
Is 345706393 composite?
True
Is 18379420057 a prime number?
True
Is 1524724961 prime?
True
Is 896514727 prime?
True
Is 3058449727 a prime number?
False
Is 151312201 prime?
False
Is 2488087001 a composite number?
True
Is 149253943 a prime number?
True
Is 29846024863 a prime number?
False
Is 6982534789 a prime number?
False
Is 3197701253 prime?
True
Is 976441481 a prime number?
True
Is 147937141999 prime?
True
Is 976374377 a composite number?
True
Is 18130960469 a composite number?
False
Is 1953113783 composite?
True
Is 5804482702 a prime number?
False
Is 4119547 composite?
True
Is 4161552851 a prime number?
True
Is 1952253887 a composite number?
True
Is 33537962603 a composite number?
True
Is 102268354967 prime?
True
Is 4219792147 a prime number?
True
Is 336056782757 composite?
False
Is 10784698829 composite?
False
Is 1621543601 prime?
True
Is 12190747 prime?
True
Is 54586711435 a prime number?
False
Is 1289073967 composite?
False
Is 47785874419 composite?
True
Is 10358443453 a composite number?
False
Is 701820131 a composite number?
False
Is 1954612367 prime?
True
Is 118766293 a prime number?
True
Is 119014895 a composite number?
True
Is 1239217039 a composite number?
True
Is 63078917071 a composite number?
False
Is 34183190891 composite?
False
Is 16952900143 a prime number?
True
Is 8863359521 composite?
False
Is 43964726773 a prime number?
False
Is 80663828257 a composite number?
False
Is 48196193 prime?
True
Is 923821033 prime?
True
Is 1921880815 a prime number?
False
Is 36819005219 prime?
True
Is 5374127531 composite?
False
Is 208732383187 a composite number?
False
Is 1473274931 a prime number?
False
Is 181134433553 a prime number?
True
Is 44074439 composite?
False
Is 233407367 prime?
True
Is 66630774557 a composite number?
True
Is 667883347 a composite number?
False
Is 5184942071 prime?
False
Is 401803543 prime?
True
Is 347645407 a prime number?
False
Is 443652469613 prime?
True
Is 4455772423 composite?
False
Is 3611306233 composite?
True
Is 2038075289 composite?
False
Is 1468903601 prime?
False
Is 2501732917 a composite number?
True
Is 8623460957 composite?
False
Is 108714416051 a composite number?
False
Is 2894959703 a composite number?
False
Is 45681169367 prime?
True
Is 2924722369 prime?
False
Is 160155599777 a composite number?
False
Is 53579789 a composite number?
True
Is 11878314457 composite?
False
Is 1385891461 composite?
True
Is 3048115247 prime?
False
Is 2479899269 a composite number?
True
Is 291401491 prime?
True
Is 494138549 prime?
False
Is 323167577 prime?
False
Is 16550233823 prime?
True
Is 2695538851 prime?
True
Is 51633020009 prime?
True
Is 210437723 a prime number?
False
Is 3849515477 prime?
False
Is 1670149189 composite?
True
Is 1867734169 a prime number?
False
Is 20619046991 a composite number?
False
Is 39575123 a composite number?
True
Is 272214301 a composite number?
True
Is 381763769 composite?
True
Is 40043579 composite?
True
Is 194004715 prime?
False
Is 48044013929 composite?
True
Is 3249479993 a prime number?
True
Is 16111183793 prime?
False
Is 44186764459 composite?
False
Is 15710361027 prime?
False
Is 892925237 a composite number?
False
Is 569844239 a composite number?
True
Is 44132631107 prime?
True
Is 62141326271 a composite number?
False
Is 51720825757 prime?
False
Is 3068103133 a composite number?
False
Is 165237901145 a prime number?
False
Is 209605493 a prime number?
True
Is 18655423 composite?
False
Is 33707015011 a composite number?
False
Is 2989594733 a prime number?
True
Is 4569412241 prime?
False
Is 1837667661 prime?
False
Is 46525956139 a prime number?
False
Is 196991786 a prime number?
False
Is 2104953611 a prime number?
False
Is 1511224355 a composite number?
True
Is 357188983 a composite number?
False
Is 780481319 prime?
True
Is 196668569 composite?
True
Is 88189057 composite?
True
Is 6982348031 a prime number?
True
Is 65928439699 a composite number?
False
Is 233592977 prime?
False
Is 75920788913 a composite number?
False
Is 13721513 a prime number?
False
Is 9403842229 composite?
False
Is 75644533673 a composite number?
True
Is 7694141869 composite?
False
Is 21031453067 a prime number?
False
Is 1606436533 a prime number?
False
Is 160908157 prime?
True
Is 217917017 composite?
False
Is 207130